{"id":51,"date":"2019-02-18T09:18:18","date_gmt":"2019-02-18T09:18:18","guid":{"rendered":"http:\/\/wordpress.nordicanimals.com.95-216-21-125.luminka.com\/wordpress\/?page_id=51"},"modified":"2019-02-25T09:24:43","modified_gmt":"2019-02-25T09:24:43","slug":"yhteistyotahot-2","status":"publish","type":"page","link":"https:\/\/nordicanimals.fi\/?page_id=51","title":{"rendered":"Yhteisty\u00f6tahot"},"content":{"rendered":"<p><\/p>\n<h3>Sini Lavastre<\/h3>\n<p><img loading=\"lazy\" decoding=\"async\" width=\"220\" height=\"252\" class=\"wp-image-52\" src=\"https:\/\/nordicanimals.fi\/wp-content\/uploads\/2019\/02\/d548907293fb26e71467577308c08dda_220x254.jpg\" alt=\"\" \/><\/p>\n<p>Tekij\u00e4<br \/>\nS\u00e4velt\u00e4j\u00e4, sanoittaja, sovittaja<br \/>\nTarina ja pedagogiset ohjeet<br \/>\n\u00c4\u00e4nite: piano, laulu<\/p>\n<h3>Christophe Lavastre<\/h3>\n<p><img loading=\"lazy\" decoding=\"async\" class=\"alignnone wp-image-53\" src=\"https:\/\/nordicanimals.fi\/wp-content\/uploads\/2019\/02\/90cc9be28f3f892cf67e35cc07b40c61_250x250.jpg\" alt=\"\" width=\"250\" height=\"250\" srcset=\"https:\/\/nordicanimals.fi\/wp-content\/uploads\/2019\/02\/90cc9be28f3f892cf67e35cc07b40c61_250x250.jpg 250w, https:\/\/nordicanimals.fi\/wp-content\/uploads\/2019\/02\/90cc9be28f3f892cf67e35cc07b40c61_250x250-150x150.jpg 150w, https:\/\/nordicanimals.fi\/wp-content\/uploads\/2019\/02\/90cc9be28f3f892cf67e35cc07b40c61_250x250-100x100.jpg 100w\" sizes=\"auto, (max-width: 250px) 100vw, 250px\" \/><\/p>\n<p>Taitto ja graafinen suunnittelu<br \/>\nValokuvat<\/p>\n<h2><a href=\"https:\/\/turunsuzukikoulu.fi\/\">Turun Suzukikoulu<\/a><\/h2>\n<p><img loading=\"lazy\" decoding=\"async\" width=\"260\" height=\"72\" class=\"wp-image-55\" src=\"https:\/\/nordicanimals.fi\/wp-content\/uploads\/2019\/02\/e7d05efe0f058c9c12969446dc0326a7_260x72.jpg\" alt=\"\" \/><\/p>\n<p>Kustantaja<\/p>\n<p>&nbsp;<\/p>\n<h3><a href=\"http:\/\/konstakuvataidekoulu.fi\/\">KONSTa\u00a0Turun Seudun Kuvataidekoulun oppilaat<\/a><\/h3>\n<p><img loading=\"lazy\" decoding=\"async\" width=\"247\" height=\"62\" class=\"wp-image-56\" src=\"https:\/\/nordicanimals.fi\/wp-content\/uploads\/2019\/02\/b3096df24ca050e58b4f472adf3fcc16_250x62.png\" alt=\"\" \/><\/p>\n<p>Kuvitus<\/p>\n<ul>\n<li>Patrick Anderson 13<\/li>\n<li>Greta Barodicaite 13<\/li>\n<li>Anne Degeilh 13<\/li>\n<li>Ilona Eerola 15<\/li>\n<li>Fanni Fredriksson 11<\/li>\n<li>Tiila Heinonen 13<\/li>\n<li>Helene Helo 18 (seikkailevat j\u00e4n\u00f6t)<\/li>\n<li>Ahvo Ilmasti 13<\/li>\n<li>Minja Kananen 12<\/li>\n<li>Kerttu Karsila 14<\/li>\n<li>Louisa Keisala 13<\/li>\n<li>Sini Lampinen 12<\/li>\n<li>Sofie Puerto 13<\/li>\n<li>Kiia Puuri 15<\/li>\n<li>Onerva Ranta 12<\/li>\n<li>Risto Saari 13<\/li>\n<li>Olli Saarinen 12<\/li>\n<li>Olivia Salmi 12<\/li>\n<li>Sara Sinij\u00e4rvi 12<\/li>\n<li>S\u00e4de Suvanto 12<\/li>\n<li>Ranja Tikkanen 13<\/li>\n<li>Freja Tollander 12<\/li>\n<li>Frida Tollander 15<\/li>\n<li>Olivia van Heerden 14<\/li>\n<\/ul>\n<h3>Niina Haapanen ja Maria Heinonen<\/h3>\n<p><img loading=\"lazy\" decoding=\"async\" width=\"250\" height=\"187\" class=\"wp-image-54\" src=\"https:\/\/nordicanimals.fi\/wp-content\/uploads\/2019\/02\/a2a0ec28794b965babaa9e69fc4eaad1_250x187.jpg\" alt=\"\" \/><\/p>\n<p>\u00c4\u00e4nite: piano<\/p>\n<h3>Puolalan musiikkiluokan 6e oppilaat<\/h3>\n<p>\u00c4\u00e4nite: kuoro, kontrabassopala<\/p>\n<ul>\n<li>Saara Ansaharju<\/li>\n<li>Aino Franck<\/li>\n<li>Aino-Emilia Eini\u00f6<\/li>\n<li>Taika Hakkarainen<\/li>\n<li>Minja Kananen<\/li>\n<li>Anni Kauraoja<\/li>\n<li>Fanni Lehtinen<\/li>\n<li>Noora Lehtonen<\/li>\n<li>Metti Moilanen<\/li>\n<li>Saara Toivonen<\/li>\n<li>Antti Partanen<\/li>\n<\/ul>\n<h3><a href=\"http:\/\/www.joonalukala.com\/\">Joona Lukala, Noise for Fiction<\/a><\/h3>\n<p>Tuottaja<\/p>","protected":false},"excerpt":{"rendered":"<p>Sini Lavastre Tekij\u00e4 S\u00e4velt\u00e4j\u00e4, sanoittaja, sovittaja Tarina ja pedagogiset ohjeet \u00c4\u00e4nite: piano, laulu Christophe Lavastre Taitto ja graafinen suunnittelu Valokuvat Turun Suzukikoulu Kustantaja &nbsp; KONSTa\u00a0Turun Seudun Kuvataidekoulun oppilaat Kuvitus Patrick Anderson 13 Greta Barodicaite 13 Anne Degeilh 13 Ilona Eerola 15 Fanni Fredriksson 11 Tiila Heinonen 13 Helene Helo 18 (seikkailevat j\u00e4n\u00f6t) Ahvo Ilmasti 13 [&hellip;]<\/p>\n","protected":false},"author":1,"featured_media":0,"parent":24,"menu_order":0,"comment_status":"closed","ping_status":"closed","template":"","meta":{"footnotes":""},"class_list":["post-51","page","type-page","status-publish","hentry"],"_links":{"self":[{"href":"https:\/\/nordicanimals.fi\/index.php?rest_route=\/wp\/v2\/pages\/51","targetHints":{"allow":["GET"]}}],"collection":[{"href":"https:\/\/nordicanimals.fi\/index.php?rest_route=\/wp\/v2\/pages"}],"about":[{"href":"https:\/\/nordicanimals.fi\/index.php?rest_route=\/wp\/v2\/types\/page"}],"author":[{"embeddable":true,"href":"https:\/\/nordicanimals.fi\/index.php?rest_route=\/wp\/v2\/users\/1"}],"replies":[{"embeddable":true,"href":"https:\/\/nordicanimals.fi\/index.php?rest_route=%2Fwp%2Fv2%2Fcomments&post=51"}],"version-history":[{"count":20,"href":"https:\/\/nordicanimals.fi\/index.php?rest_route=\/wp\/v2\/pages\/51\/revisions"}],"predecessor-version":[{"id":332,"href":"https:\/\/nordicanimals.fi\/index.php?rest_route=\/wp\/v2\/pages\/51\/revisions\/332"}],"up":[{"embeddable":true,"href":"https:\/\/nordicanimals.fi\/index.php?rest_route=\/wp\/v2\/pages\/24"}],"wp:attachment":[{"href":"https:\/\/nordicanimals.fi\/index.php?rest_route=%2Fwp%2Fv2%2Fmedia&parent=51"}],"curies":[{"name":"wp","href":"https:\/\/api.w.org\/{rel}","templated":true}]}}