{"id":58,"date":"2019-02-18T09:19:32","date_gmt":"2019-02-18T09:19:32","guid":{"rendered":"http:\/\/wordpress.nordicanimals.com.95-216-21-125.luminka.com\/wordpress\/?page_id=58"},"modified":"2019-11-12T07:20:33","modified_gmt":"2019-11-12T07:20:33","slug":"tekija","status":"publish","type":"page","link":"https:\/\/nordicanimals.fi\/?page_id=58","title":{"rendered":"Tekij\u00e4"},"content":{"rendered":"<h1 class=\"wp-block-heading\">SINI LAVASTRE<\/h1>\r\n<h4>RAKKAUDESTA YHTEISMUSISOINTIIN<\/h4>\r\n<div class=\"wp-block-image\">\r\n<figure class=\"alignright\"><img loading=\"lazy\" decoding=\"async\" width=\"440\" height=\"506\" class=\"wp-image-59\" src=\"https:\/\/nordicanimals.fi\/wp-content\/uploads\/2019\/02\/d548907293fb26e71467577308c08dda_440x510.jpg\" alt=\"\" srcset=\"https:\/\/nordicanimals.fi\/wp-content\/uploads\/2019\/02\/d548907293fb26e71467577308c08dda_440x510.jpg 440w, https:\/\/nordicanimals.fi\/wp-content\/uploads\/2019\/02\/d548907293fb26e71467577308c08dda_440x510-261x300.jpg 261w, https:\/\/nordicanimals.fi\/wp-content\/uploads\/2019\/02\/d548907293fb26e71467577308c08dda_440x510-416x478.jpg 416w\" sizes=\"auto, (max-width: 440px) 100vw, 440px\" \/><\/figure>\r\n<\/div>\r\n\r\n\r\n\r\n<p>Olen turkulainen musiikkipedagogi (YAMK) ja Suzuki-pedagogi, pianisti ja laulaja, s\u00e4velt\u00e4j\u00e4 ja sanoittaja.\u00a0 Ty\u00f6urani pedagogina olen aloittanut vuonna 1999. Pedagogina minua on aina kiehtonut pienten lasten opettaminen ja t\u00e4m\u00e4n vuoksi kiinnostuin Suzuki-menetelm\u00e4st\u00e4. Nyky\u00e4\u00e4n toimin vuonna 2009 perustamani Turun Suzukikoulun rehtorina, pianonsoiton, pianomuskarin ja musiikkileikkikoulun opettajana.<\/p>\r\n<p>Minulle t\u00e4rke\u00e4\u00e4 pedagogina on yhteissoiton ilon kokeminen jo soittoharrastuksen alkuvaiheessa, kehon ja liikkeen mukaan ottaminen oppimisessa sek\u00e4 taiteidenv\u00e4lisyys. Koska pianistien alkeistason yhteissoittomateriaalia on v\u00e4h\u00e4n, halusin valmistaa uutta oppimateriaalia, jossa huomioidaan taiteen perusopetuksen opetussuunnitelman uudet vaatimukset. Toivottavasti pedagoginen ammattitaitoni, urani muusikkona sek\u00e4 s\u00e4velt\u00e4j\u00e4n\u00e4 antavat n\u00e4kemyst\u00e4 tehd\u00e4 onnistunut ja musiikilliselta sis\u00e4ll\u00f6lt\u00e4\u00e4n mielenkiintoinen oppimateriaali.\u00a0<\/p>\r\n<p>Toivon Teille musiikin riemua, el\u00e4myksi\u00e4 ja oivalluksia Pohjolan el\u00e4inten parissa!<\/p>\r\n<p><em>Sini Lavastre<\/em><\/p>","protected":false},"excerpt":{"rendered":"<p>SINI LAVASTRE RAKKAUDESTA YHTEISMUSISOINTIIN Olen turkulainen musiikkipedagogi (YAMK) ja Suzuki-pedagogi, pianisti ja laulaja, s\u00e4velt\u00e4j\u00e4 ja sanoittaja.\u00a0 Ty\u00f6urani pedagogina olen aloittanut vuonna 1999. Pedagogina minua on aina kiehtonut pienten lasten opettaminen ja t\u00e4m\u00e4n vuoksi kiinnostuin Suzuki-menetelm\u00e4st\u00e4. Nyky\u00e4\u00e4n toimin vuonna 2009 perustamani Turun Suzukikoulun rehtorina, pianonsoiton, pianomuskarin ja musiikkileikkikoulun opettajana. Minulle t\u00e4rke\u00e4\u00e4 pedagogina on yhteissoiton ilon kokeminen [&hellip;]<\/p>\n","protected":false},"author":1,"featured_media":0,"parent":0,"menu_order":0,"comment_status":"closed","ping_status":"closed","template":"","meta":{"footnotes":""},"class_list":["post-58","page","type-page","status-publish","hentry"],"_links":{"self":[{"href":"https:\/\/nordicanimals.fi\/index.php?rest_route=\/wp\/v2\/pages\/58","targetHints":{"allow":["GET"]}}],"collection":[{"href":"https:\/\/nordicanimals.fi\/index.php?rest_route=\/wp\/v2\/pages"}],"about":[{"href":"https:\/\/nordicanimals.fi\/index.php?rest_route=\/wp\/v2\/types\/page"}],"author":[{"embeddable":true,"href":"https:\/\/nordicanimals.fi\/index.php?rest_route=\/wp\/v2\/users\/1"}],"replies":[{"embeddable":true,"href":"https:\/\/nordicanimals.fi\/index.php?rest_route=%2Fwp%2Fv2%2Fcomments&post=58"}],"version-history":[{"count":9,"href":"https:\/\/nordicanimals.fi\/index.php?rest_route=\/wp\/v2\/pages\/58\/revisions"}],"predecessor-version":[{"id":454,"href":"https:\/\/nordicanimals.fi\/index.php?rest_route=\/wp\/v2\/pages\/58\/revisions\/454"}],"wp:attachment":[{"href":"https:\/\/nordicanimals.fi\/index.php?rest_route=%2Fwp%2Fv2%2Fmedia&parent=58"}],"curies":[{"name":"wp","href":"https:\/\/api.w.org\/{rel}","templated":true}]}}