{"id":61,"date":"2019-02-18T09:24:53","date_gmt":"2019-02-18T09:24:53","guid":{"rendered":"http:\/\/wordpress.nordicanimals.com.95-216-21-125.luminka.com\/wordpress\/?page_id=61"},"modified":"2019-02-22T07:33:04","modified_gmt":"2019-02-22T07:33:04","slug":"koulutuspalvelut","status":"publish","type":"page","link":"https:\/\/nordicanimals.fi\/?page_id=61","title":{"rendered":"Koulutuspalvelut"},"content":{"rendered":"<p><\/p>\n<h2>SINI LAVASTRE<\/h2>\n<h4>-Rakkaudesta yhteismusisointiin<img loading=\"lazy\" decoding=\"async\" class=\"size-medium wp-image-63 alignright\" style=\"background-color: transparent; color: #333333; display: block; float: right; font-family: Georgia,&amp;quot; times new roman&amp;quot;,&amp;quot;bitstream charter&amp;quot;,times,serif; font-size: 32px; font-style: normal; font-variant: normal; font-weight: 300; height: 200px; letter-spacing: normal; max-width: 996px; orphans: 2; outline-color: #72777c; outline-style: solid; outline-width: 1px; text-align: left; text-decoration: none; text-indent: 0px; text-transform: none; -webkit-text-stroke-width: 0px; white-space: normal; word-spacing: 0px; margin: 16px 0px 16px 32px;\" src=\"https:\/\/nordicanimals.fi\/wp-content\/uploads\/2019\/02\/b0e58afe3ea91cbf25691c587ebae6b1_440x293-1-300x200.jpg\" alt=\"\" width=\"300\" height=\"200\" srcset=\"https:\/\/nordicanimals.fi\/wp-content\/uploads\/2019\/02\/b0e58afe3ea91cbf25691c587ebae6b1_440x293-1-300x200.jpg 300w, https:\/\/nordicanimals.fi\/wp-content\/uploads\/2019\/02\/b0e58afe3ea91cbf25691c587ebae6b1_440x293-1-416x277.jpg 416w, https:\/\/nordicanimals.fi\/wp-content\/uploads\/2019\/02\/b0e58afe3ea91cbf25691c587ebae6b1_440x293-1.jpg 440w\" sizes=\"auto, (max-width: 300px) 100vw, 300px\" \/><\/h4>\n<ul>\n<li>musiikkipedagogi (AMK), Suzuki-pedagogi<\/li>\n<li>pianisti ja laulaja, s\u00e4velt\u00e4j\u00e4 ja sanoittaja<\/li>\n<li>Turun Suzukikoulun rehtori, pianonsoiton ja musiikkileikkikoulun opettaja<\/li>\n<li>pianonsoiton, yhteismusisoinnin ja musiikkileikkikoulun opettaja 20 vuoden kokemuksella<\/li>\n<\/ul>\n<h2><\/h2>\n<h2>Koulutukset musiikkioppilaitoksille<\/h2>\n<h4>OPETTAJAT<\/h4>\n<p>Uutta taitoa musiikkioppilaitosten -ja koulujen soitonopettajien yhteismusisointiin! Koulutus pianonsoiton opettajille ja pianomuskareiden opettajille. Lauletaan, soitetaan ja liikutaan yhdess\u00e4 oppien uusia ty\u00f6tapoja sek\u00e4 saaden ideoita siihen, kuinka toteutat toiminnallisia yhteismusisointitunteja omassa ty\u00f6ss\u00e4si. Yhteismusisointi on kivaa!<\/p>\n<p>Koulutus sis\u00e4lt\u00e4\u00e4:<\/p>\n<ul>\n<li>tarinointia<\/li>\n<li>loruttelua ja laulua<\/li>\n<li>soittoa eri instrumentteilla mm. piano, rytmisoittimet, kehorytmit, laattasoittimet<\/li>\n<li>liikett\u00e4 ja tanssia<\/li>\n<li>yhteismusisointitunnin rakenne<\/li>\n<li>musiikinhahmottamista kehon ja liikkeen avulla<\/li>\n<li>\u00e4\u00e4nimaiseman luomista pianolla ja eri soittimilla<\/li>\n<li>improvisointia<\/li>\n<li>taiteidenv\u00e4lisyytt\u00e4<\/li>\n<li>kirjalliset ohjeet koulutuksen j\u00e4lkeen osallistujille<\/li>\n<\/ul>\n<p>Koulutuksen kesto r\u00e4\u00e4t\u00e4l\u00f6id\u00e4\u00e4n sopimuksen mukaan (120- 240 min). Pyyd\u00e4 tarjous!<\/p>\n<h2>OPPILAAT<\/h2>\n<p>Yhteismusisointia musiikkioppilaitosten ja -koulujen piano-oppilalle. Ty\u00f6pajat eri-ik\u00e4isille ja tasoisille pianonsoiton oppilaille. Lauletaan, soitetaan ja liikutaan yhdess\u00e4. Yhteismusisointi on kivaa!<\/p>\n<p>Ty\u00f6pajat sis\u00e4lt\u00e4v\u00e4t:<\/p>\n<ul>\n<li>tarinointia<\/li>\n<li>loruttelua ja laulua<\/li>\n<li>yhteissoittoa oman instrumentin lis\u00e4ksi eri rytmisoittimilla ja kehorytmeill\u00e4<\/li>\n<li>liikett\u00e4 ja tanssia<\/li>\n<li>musiikinhahmottamista kehon ja liikkeen avulla<\/li>\n<li>\u00e4\u00e4nimaiseman luomista pianolla ja eri instrumenteilla<\/li>\n<li>improvisointia<\/li>\n<li>vapaata s\u00e4estyst\u00e4<\/li>\n<li>taiteidenv\u00e4lisyytt\u00e4<\/li>\n<\/ul>\n<p>Ryhm\u00e4koko 4-8 oppilasta\/ ty\u00f6paja. Ty\u00f6pajan kesto 60-120 min ik\u00e4taso huomioon ottaen. Toteutus toivomusten mukaan. Pyyd\u00e4 tarjous!<\/p>\n<h2>Koulutukset p\u00e4iv\u00e4kodeille<\/h2>\n<p>Uutta taitoa p\u00e4iv\u00e4kodin musiikkikasvatukseen! Koulutus varhaiskasvattajille ja lastenohjaajille. Lauletaan, soitetaan ja liikutaan yhdess\u00e4 oppien uusia ty\u00f6tapoja sek\u00e4 saaden ideoita siihen, kuinka voit toteuttaa el\u00e4myksellist\u00e4 musiikkikasvatusta omassa ty\u00f6ss\u00e4si.<\/p>\n<p>Koulutus sis\u00e4lt\u00e4\u00e4:<\/p>\n<ul>\n<li>tarinointia<\/li>\n<li>loruttelua ja laulua<\/li>\n<li>soittoa eri instrumentteja hy\u00f6dynt\u00e4en mm. rytmisoittimet, kehorytmit, laattasoittimet<\/li>\n<li>soittoa s\u00e4estyssoittimilla: kantele, piano ja kitara<\/li>\n<li>liikett\u00e4 ja tanssia musiikin mukana<\/li>\n<li>musiikin sykkeen kokemista<\/li>\n<li>musiikin eri elementtejen oppimista kehon ja liikkeen avulla<\/li>\n<li>ideoita musiikkikasvatuksen mukaan ottamiseen eri toimintaymp\u00e4rist\u00f6ihin<\/li>\n<li>kirjalliset ohjeet koulutuksen j\u00e4lkeen osallistujille<\/li>\n<\/ul>\n<p>Koulutuksen kesto r\u00e4\u00e4t\u00e4l\u00f6id\u00e4\u00e4n sopimuksen mukaan (60-180 min).<\/p>\n<h2>Pyyd\u00e4 tarjous<\/h2>\n<p>Pyyd\u00e4 rohkeasti tarjousta koulutuspalveluistani! Otan Teihin yhteytt\u00e4 mahdollisimman nopeasti.<\/p>\n<p>&nbsp;<\/p>\n<p>\n<div class=\"wpcf7 no-js\" id=\"wpcf7-f65-o1\" lang=\"fi\" dir=\"ltr\" data-wpcf7-id=\"65\">\n<div class=\"screen-reader-response\"><p role=\"status\" aria-live=\"polite\" aria-atomic=\"true\"><\/p> <ul><\/ul><\/div>\n<form action=\"\/index.php?rest_route=%2Fwp%2Fv2%2Fpages%2F61#wpcf7-f65-o1\" method=\"post\" class=\"wpcf7-form init\" aria-label=\"Yhteydenottolomake\" novalidate=\"novalidate\" data-status=\"init\">\n<fieldset class=\"hidden-fields-container\"><input type=\"hidden\" name=\"_wpcf7\" value=\"65\" \/><input type=\"hidden\" name=\"_wpcf7_version\" value=\"6.1.3\" \/><input type=\"hidden\" name=\"_wpcf7_locale\" value=\"fi\" \/><input type=\"hidden\" name=\"_wpcf7_unit_tag\" value=\"wpcf7-f65-o1\" \/><input type=\"hidden\" name=\"_wpcf7_container_post\" value=\"0\" \/><input type=\"hidden\" name=\"_wpcf7_posted_data_hash\" value=\"\" \/>\n<\/fieldset>\n<p><label> Nimi (pakollinen)<br \/>\n<span class=\"wpcf7-form-control-wrap\" data-name=\"your-name\"><input size=\"40\" maxlength=\"400\" class=\"wpcf7-form-control wpcf7-text wpcf7-validates-as-required\" aria-required=\"true\" aria-invalid=\"false\" value=\"\" type=\"text\" name=\"your-name\" \/><\/span> <\/label>\n<\/p>\n<p><label> S\u00e4hk\u00f6posti (pakollinen)<br \/>\n<span class=\"wpcf7-form-control-wrap\" data-name=\"your-email\"><input size=\"40\" maxlength=\"400\" class=\"wpcf7-form-control wpcf7-email wpcf7-validates-as-required wpcf7-text wpcf7-validates-as-email\" aria-required=\"true\" aria-invalid=\"false\" value=\"\" type=\"email\" name=\"your-email\" \/><\/span> <\/label>\n<\/p>\n<p><label> Oppilaitos<br \/>\n<span class=\"wpcf7-form-control-wrap\" data-name=\"Oppilaitos\"><input size=\"40\" maxlength=\"400\" class=\"wpcf7-form-control wpcf7-text\" aria-invalid=\"false\" value=\"\" type=\"text\" name=\"Oppilaitos\" \/><\/span><\/label>\n<\/p>\n<p><label> Osallistujam\u00e4\u00e4r\u00e4<br \/>\n<span class=\"wpcf7-form-control-wrap\" data-name=\"Osallistujamaara\"><input size=\"40\" maxlength=\"400\" class=\"wpcf7-form-control wpcf7-text\" aria-invalid=\"false\" value=\"\" type=\"text\" name=\"Osallistujamaara\" \/><\/span><\/label>\n<\/p>\n<p><label> Viesti<br \/>\n<span class=\"wpcf7-form-control-wrap\" data-name=\"your-message\"><textarea cols=\"40\" rows=\"10\" maxlength=\"2000\" class=\"wpcf7-form-control wpcf7-textarea\" aria-invalid=\"false\" name=\"your-message\"><\/textarea><\/span> <\/label>\n<\/p>\n<p><input class=\"wpcf7-form-control wpcf7-submit has-spinner\" type=\"submit\" value=\"L\u00e4het\u00e4\" \/>\n<\/p><div class=\"wpcf7-response-output\" aria-hidden=\"true\"><\/div>\n<\/form>\n<\/div>\n<\/p>","protected":false},"excerpt":{"rendered":"<p>SINI LAVASTRE -Rakkaudesta yhteismusisointiin musiikkipedagogi (AMK), Suzuki-pedagogi pianisti ja laulaja, s\u00e4velt\u00e4j\u00e4 ja sanoittaja Turun Suzukikoulun rehtori, pianonsoiton ja musiikkileikkikoulun opettaja pianonsoiton, yhteismusisoinnin ja musiikkileikkikoulun opettaja 20 vuoden kokemuksella Koulutukset musiikkioppilaitoksille OPETTAJAT Uutta taitoa musiikkioppilaitosten -ja koulujen soitonopettajien yhteismusisointiin! Koulutus pianonsoiton opettajille ja pianomuskareiden opettajille. Lauletaan, soitetaan ja liikutaan yhdess\u00e4 oppien uusia ty\u00f6tapoja sek\u00e4 saaden ideoita [&hellip;]<\/p>\n","protected":false},"author":1,"featured_media":0,"parent":0,"menu_order":0,"comment_status":"closed","ping_status":"closed","template":"","meta":{"footnotes":""},"class_list":["post-61","page","type-page","status-publish","hentry"],"_links":{"self":[{"href":"https:\/\/nordicanimals.fi\/index.php?rest_route=\/wp\/v2\/pages\/61","targetHints":{"allow":["GET"]}}],"collection":[{"href":"https:\/\/nordicanimals.fi\/index.php?rest_route=\/wp\/v2\/pages"}],"about":[{"href":"https:\/\/nordicanimals.fi\/index.php?rest_route=\/wp\/v2\/types\/page"}],"author":[{"embeddable":true,"href":"https:\/\/nordicanimals.fi\/index.php?rest_route=\/wp\/v2\/users\/1"}],"replies":[{"embeddable":true,"href":"https:\/\/nordicanimals.fi\/index.php?rest_route=%2Fwp%2Fv2%2Fcomments&post=61"}],"version-history":[{"count":11,"href":"https:\/\/nordicanimals.fi\/index.php?rest_route=\/wp\/v2\/pages\/61\/revisions"}],"predecessor-version":[{"id":309,"href":"https:\/\/nordicanimals.fi\/index.php?rest_route=\/wp\/v2\/pages\/61\/revisions\/309"}],"wp:attachment":[{"href":"https:\/\/nordicanimals.fi\/index.php?rest_route=%2Fwp%2Fv2%2Fmedia&parent=61"}],"curies":[{"name":"wp","href":"https:\/\/api.w.org\/{rel}","templated":true}]}}